[INFO] cloning repository https://github.com/urbica/martin
[INFO] running `Command { std: "git" "-c" "credential.helper=" "-c" "credential.helper=/workspace/cargo-home/bin/git-credential-null" "clone" "--bare" "https://github.com/urbica/martin" "/workspace/cache/git-repos/https%3A%2F%2Fgithub.com%2Furbica%2Fmartin", kill_on_drop: false }`
[INFO] [stderr] Cloning into bare repository '/workspace/cache/git-repos/https%3A%2F%2Fgithub.com%2Furbica%2Fmartin'...
[INFO] running `Command { std: "git" "rev-parse" "HEAD", kill_on_drop: false }`
[INFO] [stdout] 95b70061af04804a9ffafbe8adf13bf031aa7785
[INFO] checking urbica/martin against try#72f88fc4e9458f89516a0b8b0868f3718aec5b47 for pr-74989
[INFO] running `Command { std: "git" "clone" "/workspace/cache/git-repos/https%3A%2F%2Fgithub.com%2Furbica%2Fmartin" "/workspace/builds/worker-5/source", kill_on_drop: false }`
[INFO] [stderr] Cloning into '/workspace/builds/worker-5/source'...
[INFO] [stderr] done.
[INFO] validating manifest of git repo https://github.com/urbica/martin on toolchain 72f88fc4e9458f89516a0b8b0868f3718aec5b47
[INFO] running `Command { std: "/workspace/cargo-home/bin/cargo" "+72f88fc4e9458f89516a0b8b0868f3718aec5b47" "read-manifest" "--manifest-path" "Cargo.toml", kill_on_drop: false }`
[INFO] started tweaking git repo https://github.com/urbica/martin
[INFO] finished tweaking git repo https://github.com/urbica/martin
[INFO] tweaked toml for git repo https://github.com/urbica/martin written to /workspace/builds/worker-5/source/Cargo.toml
[INFO] crate git repo https://github.com/urbica/martin already has a lockfile, it will not be regenerated
[INFO] running `Command { std: "/workspace/cargo-home/bin/cargo" "+72f88fc4e9458f89516a0b8b0868f3718aec5b47" "fetch" "--locked" "--manifest-path" "Cargo.toml", kill_on_drop: false }`
[INFO] [stderr]  Downloading crates ...
[INFO] [stderr]   Downloaded serde_cbor v0.11.1
[INFO] [stderr]   Downloaded cargo-husky v1.5.0
[INFO] [stderr]   Downloaded criterion-plot v0.4.3
[INFO] [stderr]   Downloaded derive_more v0.99.10
[INFO] [stderr]   Downloaded postgres v0.17.5
[INFO] [stderr]   Downloaded oorandom v11.1.2
[INFO] [stderr]   Downloaded syn v1.0.40
[INFO] [stderr]   Downloaded postgres-protocol v0.5.2
[INFO] [stderr]   Downloaded postgres-native-tls v0.3.0
[INFO] [stderr]   Downloaded tokio-postgres v0.5.5
[INFO] [stderr]   Downloaded r2d2_postgres v0.16.0
[INFO] [stderr]   Downloaded semver v0.10.0
[INFO] [stderr]   Downloaded criterion v0.3.3
[INFO] [stderr]   Downloaded tilejson v0.2.2
[INFO] [stderr]   Downloaded subtle v2.3.0
[INFO] [stderr]   Downloaded postgres-types v0.1.2
[INFO] running `Command { std: "docker" "create" "-v" "/var/lib/crater-agent-workspace/builds/worker-5/target:/opt/rustwide/target:rw,Z" "-v" "/var/lib/crater-agent-workspace/builds/worker-5/source:/opt/rustwide/workdir:ro,Z" "-v" "/var/lib/crater-agent-workspace/cargo-home:/opt/rustwide/cargo-home:ro,Z" "-v" "/var/lib/crater-agent-workspace/rustup-home:/opt/rustwide/rustup-home:ro,Z" "-e" "SOURCE_DIR=/opt/rustwide/workdir" "-e" "CARGO_TARGET_DIR=/opt/rustwide/target" "-e" "CARGO_HOME=/opt/rustwide/cargo-home" "-e" "RUSTUP_HOME=/opt/rustwide/rustup-home" "-w" "/opt/rustwide/workdir" "-m" "1610612736" "--user" "0:0" "--network" "none" "rustops/crates-build-env@sha256:d92eaeed33fa75130ca1ee6c8a01d1ffb62bac859dfdfb3450e3e5d1c0146529" "/opt/rustwide/cargo-home/bin/cargo" "+72f88fc4e9458f89516a0b8b0868f3718aec5b47" "metadata" "--no-deps" "--format-version=1", kill_on_drop: false }`
[INFO] [stdout] 7d81ec1069912d5282e8b1ae7fcaade974ae4431f62cb108f4423d635fab9f9e
[INFO] [stderr] WARNING: Your kernel does not support swap limit capabilities or the cgroup is not mounted. Memory limited without swap.
[INFO] running `Command { std: "docker" "start" "-a" "7d81ec1069912d5282e8b1ae7fcaade974ae4431f62cb108f4423d635fab9f9e", kill_on_drop: false }`
[INFO] running `Command { std: "docker" "inspect" "7d81ec1069912d5282e8b1ae7fcaade974ae4431f62cb108f4423d635fab9f9e", kill_on_drop: false }`
[INFO] running `Command { std: "docker" "rm" "-f" "7d81ec1069912d5282e8b1ae7fcaade974ae4431f62cb108f4423d635fab9f9e", kill_on_drop: false }`
[INFO] [stdout] 7d81ec1069912d5282e8b1ae7fcaade974ae4431f62cb108f4423d635fab9f9e
[INFO] running `Command { std: "docker" "create" "-v" "/var/lib/crater-agent-workspace/builds/worker-5/target:/opt/rustwide/target:rw,Z" "-v" "/var/lib/crater-agent-workspace/builds/worker-5/source:/opt/rustwide/workdir:ro,Z" "-v" "/var/lib/crater-agent-workspace/cargo-home:/opt/rustwide/cargo-home:ro,Z" "-v" "/var/lib/crater-agent-workspace/rustup-home:/opt/rustwide/rustup-home:ro,Z" "-e" "SOURCE_DIR=/opt/rustwide/workdir" "-e" "CARGO_TARGET_DIR=/opt/rustwide/target" "-e" "CARGO_INCREMENTAL=0" "-e" "RUST_BACKTRACE=full" "-e" "RUSTFLAGS=--cap-lints=forbid" "-e" "CARGO_HOME=/opt/rustwide/cargo-home" "-e" "RUSTUP_HOME=/opt/rustwide/rustup-home" "-w" "/opt/rustwide/workdir" "-m" "1610612736" "--user" "0:0" "--network" "none" "rustops/crates-build-env@sha256:d92eaeed33fa75130ca1ee6c8a01d1ffb62bac859dfdfb3450e3e5d1c0146529" "/opt/rustwide/cargo-home/bin/cargo" "+72f88fc4e9458f89516a0b8b0868f3718aec5b47" "check" "--frozen" "--all" "--all-targets" "--message-format=json", kill_on_drop: false }`
[INFO] [stderr] WARNING: Your kernel does not support swap limit capabilities or the cgroup is not mounted. Memory limited without swap.
[INFO] [stdout] 0af0742809d9455487a200db19428b2d8e8954d80e63ebb88e4eb927b49d9659
[INFO] running `Command { std: "docker" "start" "-a" "0af0742809d9455487a200db19428b2d8e8954d80e63ebb88e4eb927b49d9659", kill_on_drop: false }`
[INFO] [stderr]    Compiling syn v1.0.40
[INFO] [stderr]     Checking either v1.6.0
[INFO] [stderr]     Checking subtle v2.3.0
[INFO] [stderr]    Compiling const_fn v0.4.2
[INFO] [stderr]     Checking hashbrown v0.9.0
[INFO] [stderr]    Compiling encoding_rs v0.8.24
[INFO] [stderr]     Checking md5 v0.7.0
[INFO] [stderr]     Checking fallible-iterator v0.2.0
[INFO] [stderr]     Checking siphasher v0.3.3
[INFO] [stderr]    Compiling openssl v0.10.30
[INFO] [stderr]     Checking uuid v0.8.1
[INFO] [stderr]    Compiling native-tls v0.2.4
[INFO] [stderr]     Checking strsim v0.9.3
[INFO] [stderr]     Checking semver-parser v0.7.0
[INFO] [stderr]    Compiling cargo-husky v1.5.0
[INFO] [stderr]     Checking oorandom v11.1.2
[INFO] [stderr]    Compiling num-traits v0.2.12
[INFO] [stderr]    Compiling indexmap v1.6.0
[INFO] [stderr]    Compiling standback v0.2.10
[INFO] [stderr]    Compiling time v0.2.19
[INFO] [stderr]    Compiling brotli-sys v0.3.2
[INFO] [stderr]     Checking miniz_oxide v0.4.1
[INFO] [stderr]    Compiling openssl-sys v0.9.58
[INFO] [stderr]     Checking semver v0.10.0
[INFO] [stderr]     Checking itertools v0.9.0
[INFO] [stderr]     Checking phf_shared v0.8.0
[INFO] [stderr]     Checking idna v0.2.0
[INFO] [stderr]     Checking stringprep v0.1.2
[INFO] [stderr]     Checking signal-hook-registry v1.2.1
[INFO] [stderr]     Checking parking_lot_core v0.8.0
[INFO] [stderr]     Checking socket2 v0.3.15
[INFO] [stderr]     Checking hostname v0.3.1
[INFO] [stderr]     Checking csv-core v0.1.10
[INFO] [stderr]     Checking tracing v0.1.19
[INFO] [stderr]     Checking clap v2.33.3
[INFO] [stderr]     Checking regex-automata v0.1.9
[INFO] [stderr]    Compiling cast v0.2.3
[INFO] [stderr]     Checking phf v0.8.0
[INFO] [stderr]     Checking threadpool v1.8.1
[INFO] [stderr]     Checking resolv-conf v0.6.3
[INFO] [stderr]     Checking crypto-mac v0.8.0
[INFO] [stderr]     Checking parking_lot v0.11.0
[INFO] [stderr]     Checking mio-uds v0.6.8
[INFO] [stderr]     Checking hmac v0.8.1
[INFO] [stderr]     Checking backtrace v0.3.50
[INFO] [stderr]     Checking flate2 v1.0.17
[INFO] [stderr]     Checking tokio v0.2.22
[INFO] [stderr]     Checking rayon v1.4.0
[INFO] [stderr]     Checking postgres-protocol v0.5.2
[INFO] [stderr]     Checking scheduled-thread-pool v0.2.5
[INFO] [stderr]     Checking url v2.1.1
[INFO] [stderr]     Checking criterion-plot v0.4.3
[INFO] [stderr]     Checking r2d2 v0.8.9
[INFO] [stderr]     Checking num-integer v0.1.43
[INFO] [stderr]     Checking plotters v0.2.15
[INFO] [stderr]     Checking chrono v0.4.15
[INFO] [stderr]     Checking tokio-util v0.2.0
[INFO] [stderr]     Checking tokio-util v0.3.1
[INFO] [stderr]     Checking tokio-tls v0.3.1
[INFO] [stderr]     Checking brotli2 v0.3.2
[INFO] [stderr]     Checking actix-codec v0.2.0
[INFO] [stderr]    Compiling synstructure v0.12.4
[INFO] [stderr]    Compiling pin-project-internal v0.4.23
[INFO] [stderr]    Compiling serde_derive v1.0.116
[INFO] [stderr]    Compiling futures-macro v0.3.5
[INFO] [stderr]    Compiling async-trait v0.1.40
[INFO] [stderr]    Compiling derive_more v0.99.10
[INFO] [stderr]    Compiling actix-macros v0.1.2
[INFO] [stderr]    Compiling failure_derive v0.1.8
[INFO] [stderr]    Compiling enum-as-inner v0.3.3
[INFO] [stderr]    Compiling time-macros-impl v0.1.1
[INFO] [stderr]    Compiling actix-web-codegen v0.2.2
[INFO] [stderr]    Compiling actix_derive v0.5.0
[INFO] [stderr]     Checking failure v0.1.8
[INFO] [stderr]     Checking time-macros v0.1.0
[INFO] [stderr]     Checking pin-project v0.4.23
[INFO] [stderr]     Checking futures-util v0.3.5
[INFO] [stderr]     Checking actix-threadpool v0.3.3
[INFO] [stderr]     Checking serde v1.0.116
[INFO] [stderr]     Checking futures-executor v0.3.5
[INFO] [stderr]     Checking actix-rt v1.1.1
[INFO] [stderr]     Checking actix-service v1.0.6
[INFO] [stderr]     Checking h2 v0.2.6
[INFO] [stderr]     Checking futures v0.3.5
[INFO] [stderr]     Checking trust-dns-proto v0.18.0-alpha.2
[INFO] [stderr]     Checking actix-utils v1.0.6
[INFO] [stderr]     Checking actix-server v1.0.3
[INFO] [stderr]     Checking actix-tls v1.0.0
[INFO] [stderr]     Checking actix-testing v1.0.1
[INFO] [stderr]     Checking trust-dns-resolver v0.18.0-alpha.2
[INFO] [stderr]     Checking serde_json v1.0.57
[INFO] [stderr]     Checking serde_urlencoded v0.6.1
[INFO] [stderr]     Checking actix-router v0.2.4
[INFO] [stderr]     Checking docopt v1.1.0
[INFO] [stderr]     Checking bstr v0.2.13
[INFO] [stderr]     Checking serde_yaml v0.8.13
[INFO] [stderr]     Checking serde_cbor v0.11.1
[INFO] [stderr]     Checking actix-connect v1.0.2
[INFO] [stderr]     Checking csv v1.1.3
[INFO] [stderr]     Checking postgres-types v0.1.2
[INFO] [stderr]     Checking tilejson v0.2.2
[INFO] [stderr]     Checking tinytemplate v1.1.0
[INFO] [stderr]     Checking actix-http v1.0.1
[INFO] [stderr]     Checking criterion v0.3.3
[INFO] [stderr]     Checking tokio-postgres v0.5.5
[INFO] [stderr]     Checking postgres v0.17.5
[INFO] [stderr]     Checking postgres-native-tls v0.3.0
[INFO] [stderr]     Checking r2d2_postgres v0.16.0
[INFO] [stderr]     Checking awc v1.0.1
[INFO] [stderr]     Checking actix v0.9.0
[INFO] [stderr]     Checking actix-web v2.0.0
[INFO] [stderr]     Checking actix-cors v0.2.0
[INFO] [stderr]     Checking martin v0.5.0 (/opt/rustwide/workdir)
[INFO] [stdout] error[E0425]: cannot find function `run_on` in module `test`
[INFO] [stdout]   --> benches/server.rs:10:23
[INFO] [stdout]    |
[INFO] [stdout] 10 |     let state = test::run_on(|| mock_state(mock_table_sources(), mock_function_sources()));
[INFO] [stdout]    |                       ^^^^^^ not found in `test`
[INFO] [stdout] 
[INFO] [stdout] 
[INFO] [stdout] error[E0425]: cannot find function `run_on` in module `test`
[INFO] [stdout]   --> benches/server.rs:19:32
[INFO] [stdout]    |
[INFO] [stdout] 19 |             let future = test::run_on(|| app.call(req));
[INFO] [stdout]    |                                ^^^^^^ not found in `test`
[INFO] [stdout] 
[INFO] [stdout] 
[INFO] [stdout] error[E0425]: cannot find function `block_on` in module `test`
[INFO] [stdout]   --> benches/server.rs:20:35
[INFO] [stdout]    |
[INFO] [stdout] 20 |             let _response = test::block_on(future).unwrap();
[INFO] [stdout]    |                                   ^^^^^^^^ not found in `test`
[INFO] [stdout] 
[INFO] [stdout] 
[INFO] [stdout] error[E0425]: cannot find function `run_on` in module `test`
[INFO] [stdout]   --> benches/server.rs:30:32
[INFO] [stdout]    |
[INFO] [stdout] 30 |             let future = test::run_on(|| app.call(req));
[INFO] [stdout]    |                                ^^^^^^ not found in `test`
[INFO] [stdout] 
[INFO] [stdout] 
[INFO] [stdout] error[E0425]: cannot find function `block_on` in module `test`
[INFO] [stdout]   --> benches/server.rs:31:35
[INFO] [stdout]    |
[INFO] [stdout] 31 |             let _response = test::block_on(future).unwrap();
[INFO] [stdout]    |                                   ^^^^^^^^ not found in `test`
[INFO] [stdout] 
[INFO] [stdout] 
[INFO] [stdout] error[E0061]: this function takes 3 arguments but 2 arguments were supplied
[INFO] [stdout]   --> benches/server.rs:10:33
[INFO] [stdout]    |
[INFO] [stdout] 10 |     let state = test::run_on(|| mock_state(mock_table_sources(), mock_function_sources()));
[INFO] [stdout]    |                                 ^^^^^^^^^^ --------------------  ----------------------- supplied 2 arguments
[INFO] [stdout]    |                                 |
[INFO] [stdout]    |                                 expected 3 arguments
[INFO] [stdout] 
[INFO] [stdout] 
[INFO] [stdout] error[E0599]: no method named `call` found for opaque type `impl std::future::Future` in the current scope
[INFO] [stdout]   --> benches/server.rs:19:46
[INFO] [stdout]    |
[INFO] [stdout] 19 |             let future = test::run_on(|| app.call(req));
[INFO] [stdout]    |                                              ^^^^ method not found in `impl std::future::Future`
[INFO] [stdout] 
[INFO] [stdout] 
[INFO] [stdout] error[E0599]: no method named `call` found for opaque type `impl std::future::Future` in the current scope
[INFO] [stdout]   --> benches/server.rs:30:46
[INFO] [stdout]    |
[INFO] [stdout] 30 |             let future = test::run_on(|| app.call(req));
[INFO] [stdout]    |                                              ^^^^ method not found in `impl std::future::Future`
[INFO] [stdout] 
[INFO] [stdout] 
[INFO] [stdout] warning: unused import: `actix_web::dev::Service`
[INFO] [stdout]  --> benches/server.rs:3:5
[INFO] [stdout]   |
[INFO] [stdout] 3 | use actix_web::dev::Service;
[INFO] [stdout]   |     ^^^^^^^^^^^^^^^^^^^^^^^
[INFO] [stdout]   |
[INFO] [stdout]   = note: `#[warn(unused_imports)]` on by default
[INFO] [stdout] 
[INFO] [stdout] 
[INFO] [stdout] error: aborting due to 8 previous errors; 1 warning emitted
[INFO] [stdout] 
[INFO] [stdout] 
[INFO] [stdout] Some errors have detailed explanations: E0061, E0425, E0599.
[INFO] [stdout] 
[INFO] [stdout] For more information about an error, try `rustc --explain E0061`.
[INFO] [stdout] 
[INFO] [stderr] error: could not compile `martin`.
[INFO] [stderr] 
[INFO] [stderr] To learn more, run the command again with --verbose.
[INFO] running `Command { std: "docker" "inspect" "0af0742809d9455487a200db19428b2d8e8954d80e63ebb88e4eb927b49d9659", kill_on_drop: false }`
[INFO] running `Command { std: "docker" "rm" "-f" "0af0742809d9455487a200db19428b2d8e8954d80e63ebb88e4eb927b49d9659", kill_on_drop: false }`
[INFO] [stdout] 0af0742809d9455487a200db19428b2d8e8954d80e63ebb88e4eb927b49d9659
